*w + n*x. What is the remainder when 67 is divided by w?
21
Suppose 0 = -4*j + 12 + 8. Suppose -j*c + 2*c + 24 = 0. What is the remainder when 10/((-3)/((-18)/4)) is divided by c?
7
Let c = 24 + 5. Calculate the remainder when 85 is divided by c.
27
Let r be 0/((-2)/(-2) - 0). Suppose -16 = -5*z - l, -2*z + 5*l + 26 = -2. Let x = r + z. Calculate the remainder when x is divided by 3.
1
Let t = 4 - 20. Let o = 9 - t. Calculate the remainder when 99 is divided by o.
24
Suppose -3 = -4*j - x - 0, -2*x + 6 = -4*j. Suppose 2*c - 5*c + 108 = j. Calculate the remainder when c is divided by 19.
17
Let m(n) = 7*n**2 + n + 1. Suppose -2*f = -5*f + 60. What is the remainder when f is divided by m(-1)?
6
Let v be 5/(1/(-1 + 2)). Suppose 0*h = -h + v. Calculate the remainder when 35 is divided by 3*2*(h + -2).
17
Let c be 2 - 0*(-3)/9. Let o be c/(-6) - (-16)/3. Let j(h) = h**3 - 4*h**2 - 5*h + 4. What is the remainder when 6 is divided by j(o)?
2
Let b(k) = -k**3 + 7*k**2 - 2*k - 4. Suppose 2*a - 190 = -3*a. Calculate the remainder when a is divided by b(6).
18
Let s = 66 - 48. What is the remainder when 81 is divided by s?
9
Let r(b) = -b**3 - 9*b**2 - 9*b - 6. Let j be r(-8). Suppose -135 = -5*p + j*p. Suppose -m + p - 14 = 0. Calculate the remainder when m is divided by 16.
15
Let r = 45 + -20. Calculate the remainder when r is divided by 2*((-22)/(-4) + 1).
12
Suppose r - 2 + 0 = 0. Suppose 0*i + 3*i = r*d + 40, -3*d = -4*i + 52. Calculate the remainder when 30 is divided by i.
14
What is the remainder when 1 + (-6 - -4 - -78) is divided by 26?
25
Suppose -13 + 57 = 2*r + 4*z, -2*r + 5*z = -44. Let w(f) = -2*f - 28. What is the remainder when r is divided by w(-17)?
4
Suppose 0 = -2*f + 7*f - 40. Suppose -87 = -4*t + t. Calculate the remainder when t is divided by f.
5
Suppose -10 = 4*v + v - 4*g, 0 = -3*g. Let t = 9 - v. What is the remainder when t is divided by 4?
3
Let w = 106 + -53. Calculate the remainder when w is divided by 14.
11
Let y be (-3)/(-7) - (-60)/7. Let r(n) = -n**3 + 8*n**2 + 9*n + 6. Calculate the remainder when r(y) is divided by 5.
1
Let r(v) = -v + 27. What is the remainder when 37 is divided by r(17)?
7
What is the remainder when 1356/24 + (-2)/(-4) is divided by 29?
28
Let f = 1 - 0. Suppose j - f = 11. Let l(g) = -4*g - 9. What is the remainder when j is divided by l(-4)?
5
Let a = 8 - 3. Suppose a*g + 3*x - 2*x + 7 = 0, -3*x = -g + 5. Let p = g - -19. What is the remainder when p is divided by 10?
8
What is the remainder when 86 + (1/4 - 81/36) is divided by 17?
16
Let m = -36 - 47. Let l = -1 - m. Calculate the remainder when l is divided by 17.
14
Let a = -50 + 75. Calculate the remainder when a is divided by 9.
7
Let g = -9 - -14. Suppose -g*s - 99 + 25 = -2*x, 3*x = 2*s + 100. What is the remainder when 94 is divided by x?
30
What is the remainder when 4 - ((1 - -3) + -5) is divided by 5?
0
Let q = -9 + 22. Calculate the remainder when q is divided by 8.
5
Let u(n) = 2*n**2 - 3*n - 14. What is the remainder when 36 is divided by u(-3)?
10
Let y(o) = 13*o. Calculate the remainder when 51 is divided by y(1).
12
Suppose 4*y - 12 = 0, -3*d + 60 = -5*d - 4*y. Suppose -3*a = n + 2*n - 78, 4*n = -3*a + 79. Calculate the remainder when a is divided by (-460)/d + 2/9.
12
Let l = -198 + 389. Calculate the remainder when l/7 - (-6)/(-21) is divided by 7.
6
Let m(h) = -h**2 - 9*h - 9. Let p be m(-6). Let s be 9 - p - (-1 - -1). Calculate the remainder when 4 is divided by s + 3 + 2 + -2.
1
Let d be 2 - 0 - (2 - 1). Let y(b) = -28*b + 7. Let i(f) = -9*f + 2. Let p(h) = -7*i(h) + 2*y(h). What is the remainder when 19 is divided by p(d)?
5
Let u(g) = 11*g - 1. Let i(n) = -5*n + 1. Let x(w) = -5*i(w) - 2*u(w). Let j(f) = -f**3 - 4*f**2 + 2*f - 7. What is the remainder when j(-5) is divided by x(2)?
2
Suppose -3*g - 10 = -43. Let s = 136 - -66. Suppose 0 = -5*t - 4*f + s - 51, 2*f = 4*t - 126. Calculate the remainder when t is divided by g.
9
Let j = 38 - 9. Calculate the remainder when j is divided by ((-16)/(-6))/(19/57).
5
Let s = 192 + -137. What is the remainder when s is divided by 16?
7
Suppose -3*c - 3*n - n + 20 = 0, n = 3*c + 5. Let b = 9 + c. Calculate the remainder when 25 is divided by b.
7
Let y = 8 - 1. Suppose -27 + y = -5*t. Suppose -t*r = 16, 7*r = f + 3*r - 34. What is the remainder when 35 is divided by f?
17
Let z(d) = d**2 - 2. Suppose 0 = 5*h + 352 - 37. What is the remainder when ((-2)/6)/(3/h) is divided by z(-2)?
1
Let u be (18/(-4))/((-6)/(-12)). Let l = u - -67. Calculate the remainder when l is divided by 15.
13
Suppose i - 51 = -3*a, -2*a + 4*i - 2*i = -42. What is the remainder when a is divided by 10?
8
Suppose -2*m = 5*b - 485, 3*b - 2*m - 291 = -0*m. What is the remainder when b is divided by 25?
22
Suppose 0 = -0*r - 5*r + 5. Let w(i) = i**3 + i**2 - 4*i + 17. What is the remainder when w(0) is divided by 4 - (-1 - 0 - r)?
5
Suppose 0*a - 140 = -5*a. What is the remainder when 52 is divided by a?
24
Let w = -50 - -70. Calculate the remainder when 78 is divided by w.
18
Suppose 5*m - 5*f = -f + 15, -2*m + 4 = -2*f. Suppose 18 = 7*t - 6*t. What is the remainder when t is divided by m?
4
Let n = 12 - 6. Let a(k) = k + 7. What is the remainder when a(n) is divided by 5?
3
Suppose m - 6 = 3. Let z = -5 - -9. Suppose 89 = z*x - 11. Calculate the remainder when x is divided by m.
7
Let z = 10 - 15. Let l be (-6)/2*(-3 + 0). Let m = z + l. Calculate the remainder when 15 is divided by m.
3
Let h = -125 + 205. Suppose -h = -0*q - 2*q + 2*x, -5*q + x = -192. Calculate the remainder when q is divided by 13.
12
Suppose -3*a - 6 = 0, c - 10 = -4*a + 2. Suppose -5*l + l = 0. Suppose l = 4*h - 53 + 9. Calculate the remainder when c is divided by h.
9
Let j = 19 - 31. Suppose 4*b = 52 + 36. What is the remainder when b is divided by ((-8)/j)/(2/36)?
10
Let n(d) = 2*d**3 + 2*d**2 - 12. Calculate the remainder when n(4) is divided by 15.
13
Let a be 126/(-12)*1*-2. Suppose a = 3*p - 0*p. Suppose 0 = -p*r + 3*r + 32. What is the remainder when 22 is divided by r?
6
Suppose -3*c - i + 13 = 0, 3*c + 4*i + 6 = 22. Suppose v - c*o = -v - 4, -33 = -v - 5*o. What is the remainder when (1/2)/((-1)/(-44)) is divided by v?
6
Suppose 0 = n + 4*n - 5*z - 35, -4*z = -n - 5. Suppose -20 = -3*r + 2*t, 2*r - r = -3*t + 3. What is the remainder when n is divided by r?
5
Suppose 0*s + 2*b = 3*s - 68, -b = 3*s - 56. Suppose -3*i = i - s. Calculate the remainder when i is divided by 2.
1
Let k = -80 + 114. What is the remainder when k is divided by 18?
16
Suppose k = 3*t - 16 - 32, -2*t + 4*k = -32. Let i = -131 + 178. What is the remainder when i is divided by t?
15
Suppose -36 = k - 4*k. Suppose 4*w = -7 - 1. What is the remainder when (8/k)/(w/(-27)) is divided by 5?
4
Suppose 5*f + 0*q = -5*q + 130, 106 = 5*f - 3*q. What is the remainder when 4 + -7 - f/(-1) is divided by 7?
6
Let y be (1 + 0)*(6 - 1). Suppose -n = -2*k + y*k - 184, -2 = n. Calculate the remainder when k is divided by 13.
10
Let o = -27 - -31. Calculate the remainder when 4 is divided by o.
0
Let q(h) = -4*h - 50. Calculate the remainder when 68 is divided by q(-17).
14
Let r(o) = o**3 - 3*o**2 - 4*o + 4. Let u be r(4). Let x be -3*u/6 + 34. Suppose 0 = -m + x - 9. What is the remainder when m is divided by 8?
7
Calculate the remainder when 37 is divided by 4 + -5*(-5)/25.
2
Let c(w) = -2*w + 11. Let h(v) = v - 5. Let x(p) = -6*c(p) - 13*h(p). What is the remainder when 11 is divided by x(-5)?
3
Let p(m) = -1 - 1 + 2*m + 2*m + 7. What is the remainder when p(7) is divided by (0 - (-34)/(-4))*-2?
16
Let s(w) = -9*w**2 + 5*w**2 - 1 + w + 3. Let c be s(2). Let k = c + 17. What is the remainder when k is divided by 2?
1
Calculate the remainder when 25 is divided by (-2 + -12)/(1 + (-4 - -2)).
11
Let u(f) = -f**3 - 2*f**2 - 3*f - 3. What is the remainder when u(-3) is divided by 1 - (24 + -3)/(-3)?
7
Let g be (10/6)/((-2)/(-78)). Suppose -2*i - 4 = -4*i, 3*i = j + 2. Suppose -h + g = j*h. What is the remainder when 24 is divided by h?
11
Let o = 9 + 4. What is the remainder when 22 is divided by o?
9
Let k = 44 + -22. Calculate the remainder when 219 is divided by k.
21
Suppose 0*r = -r - 5*h + 91, 368 = 5*r - 4*h. Suppose 5 = 2*z - 5*m - 7, -4*z = 3*m - r. What is the